(base 9) to base 16
-3adf
Convert 404102 (base 7) to base 5.
4144101
Convert 100100011000001101111 (base 2) to base 10.
1192047
-19a801 (base 14) to base 6
-31320521
-12201120020 (base 3) to base 10
-112677
21301001 (base 4) to base 9
60775
Convert -62681 (base 14) to base 4.
-321323121
-4644875 (base 10) to base 3
-22201222120102
Convert 14175 (base 8) to base 3.
22121012
Convert -1183461 (base 9) to base 10.
-645544
Convert -46481 (base 13) to base 10.
-128207
Convert -14a7212 (base 11) to base 14.
-4ad323
What is 970766 (base 12) in base 11?
138a482
What is 25421050 (base 7) in base 6?
121243551
2124120230 (base 5) to base 7
53264014
What is 49610 (base 13) in base 10?
135044
Convert -118684 (base 11) to base 12.
-90386
4484a33 (base 12) to base 8
62014307
739da0 (base 15) to base 13
11a7b00
What is 55412304 (base 6) in base 4?
12112231300
What is 53ac (base 13) in base 6?
125510
Convert 119380 (base 11) to base 4.
231323122
What is -24637 (base 12) in base 14?
-13d6b
What is -48110 (base 11) in base 12?
-34168
What is 11074 (base 10) in base 15?
3434
What is -a336 (base 11) in base 12?
-7b28
Convert 887130 (base 10) to base 6.
31003030
What is -2b512 (base 13) in base 11?
-567a1
What is 60415443 (base 7) in base 3?
100102200022100
2113111440 (base 5) to base 8
20704216
Convert -19063 (base 10) to base 5.
-1102223
Convert 434200131 (base 6) to base 10.
7760503
8832781 (base 9) to base 3
22221002212201
Convert -1b563b (base 15) to base 3.
-2111210122002
Convert -3311033332 (base 4) to base 5.
-224121132
Convert -23a8 (base 11) to base 3.
-11022102
What is 2b5ef9 (base 16) in base 13?
786992
Convert 25091 (base 13) to base 10.
68225
-113533011 (base 6) to base 5
-1022033233
Convert 2c8ba1 (base 13) to base 14.
20a924
Convert -1178777 (base 9) to base 7.
-5315206
Convert 10110110011100100011100 (base 2) to base 13.
1314218
Convert -c8976 (base 13) to base 2.
-1011000010111000110
3499005 (base 10) to base 6
202555033
What is 101531001 (base 6) in base 10?
1769257
-203422122 (base 5) to base 8
-3154662
Convert -24c039 (base 16) to base 5.
-1104033010
Convert -85356 (base 11) to base 4.
-132110233
What is -489654 (base 10) in base 3?
-220212200100
Convert 111010110100111110111 (base 2) to base 6.
105152223
-4594d2 (base 15) to base 12
-1142615
What is 63160002 (base 7) in base 3?
101000120002210
-29a156 (base 13) to base 14
-1c856d
What is 24881811 (base 9) in base 2?
101110100110111001110001
Convert 426264 (base 10) to base 16.
68118
Convert -54006 (base 11) to base 10.
-78535
What is -3c749 (base 15) in base 16?
-2f5e3
What is 1101001001000000010 (base 2) in base 8?
1511002
-2444023 (base 6) to base 10
-130479
What is -19bac (base 13) in base 4?
-30102133
1111111111100100010111 (base 2) to base 10
4192535
Convert 5c1b48 (base 13) to base 8.
10317261
What is -1341061 (base 7) in base 9?
-301224
What is -737be (base 16) in base 8?
-1633676
Convert -200031022 (base 4) to base 12.
-6440a
Convert 124534 (base 7) to base 3.
1011220011
Convert -3803271 (base 10) to base 14.
-710063
-3450555 (base 6) to base 16
-2b667
What is 1110010100011101000011 (base 2) in base 12?
1310403
Convert 3031110 (base 6) to base 12.
6b496
What is 98406 (base 11) in base 2?
100010111000111011
600664 (base 7) to base 14
28c34
4134555 (base 7) to base 3
221012202010
-179c4c (base 13) to base 10
-593085
-122030212022 (base 4) to base 3
-110220220012212
-64572650 (base 8) to base 4
-310233112220
Convert -cd163 (base 15) to base 4.
-2133012231
Convert 3929864 (base 10) to base 11.
2244624
Convert -1c730 (base 13) to base 7.
-322460
61453b (base 13) to base 12
913416
Convert 64631 (base 7) to base 13.
7430
Convert 263544 (base 10) to base 11.
170006
Convert 59b99c (base 13) to base 3.
11000200121111
Convert -23602 (base 11) to base 15.
-a11d
3163684 (base 10) to base 5
1302214214
What is 120102133113 (base 4) in base 14?
bba595
111010101110010000 (base 2) to base 6
5053320
What is -12615075 (base 8) in base 4?
-22301220331
What is 9872c (base 13) in base 9?
460345
Convert -4040716 (base 8) to base 2.
-100000100000111001110
What is 10002241003 (base 5) in base 16?
959fb9
1041175 (base 10) to base 9
1856201
-2165150 (base 9) to base 12
-482290
Convert -103301301 (base 4) to base 3.
-11010010100
Convert 10100011000000111101 (base 2) to base 14.
135497
15451335 (base 6) to base 14
104bd9
What is 11faf (base 16) in base 14?
1cba7
Convert 1777 (base 12) to base 14.
105d
Convert 238502c (base 14) to base 4.
1000310311200
Convert 100000001100000001010011 (base 2) to base 5.
4130002333
What is -2e2e0 (base 15) in base 3?
-21120121110
880ccd (base 16) to base 7
135533450
Convert -5d855 (base 14) to base 13.
-8054a
Convert -5521130 (base 6) to base 5.
-32300042
2410214 (base 6) to base 10
125794
What is 7a241 (base 12) in base 9?
267244
What is -21120010021 (base 3) in base 4?
-210111010
What is 35c (base 13) in base 4?
21020
Convert -2111135 (base 6) to base 4.
-121010003
Convert 140540266 (base 7) to base 14.
13037a6
Convert -332232032333 (base 4) to base 9.
-33840535
What is 42150646 (base 7) in base 13?
9779b3
-563630 (base 8) to base 3
-100200010101
What is 892a0 (base 16) in base 10?
561824
Convert 1b7940 (base 12) to base 8.
1675600
a1eed (base 15) to base 8
1751746
Convert -ab75a (base 13) to base 16.
-4befb
28187 (base 14) to base 5
11132344
What is 101000101110110100 (base 2) in base 3?
22110212010
Convert 341314444 (base 5) to base 6.
52213344
What is 1010001001101011101 (base 2) in base 9?
556256
2c88944 (base 13) to base 12
498439b
What is cf41 (base 16) in base 15?
10ac2
Convert 38a499 (base 14) to base 10.
1949159
What is -54043020 (base 6) in base 16?
-184b54
Convert 31200211133 (base 4) to base 11.
1aa9733
-202201231212 (base 4) to base 13
-1b4b915
-564364 (base 7) to base 2
-11000011010100110
What is 61a0b1 (base 14) in base 11?
194a056
Convert 34348c (base 14) to base 9.
3306530
11201222 (base 3) to base 5
102310
What is 101000010110101010010000 (base 2) in base 7?
155626221
What is -9516 (base 10) in base 7?
-36513
Convert 12632013 (base 7) to base 9.
2168553
Convert 43350052 (base 6) to base 8.
4726520
-94a276 (base 11) to base 5
-342143113
Convert 12a1da (base 14) to base 4.
2130312310
Convert 9a10143 (base 11) to base 8.
103013130
What is 115434303 (base 6) in base 14?
42035d
What is 262662 (base 7) in base 4?
23332110
164549 (base 13) to base 9
1031615
-3204333 (base 6) to base 9
-257623
2361260 (base 14) to base 3
1011210221000210
Convert -33142142 (base 6) to base 10.
-993230
6935078 (base 10) to base 5
3233410303
Convert -23112020 (base 4) to base 14.
-12d16
What is -c97137 (base 13) in base 16?
-48255f
Convert -1110101100110100 (base 2) to base 16.
-eb34
Convert 424423 (base 9) to base 13.
8ac72
What is 10100211031 (base 4) in base 7?
12330040
-1546520 (base 7) to base 12
-a3745
Convert -1262562 (base 7) to base 15.
-34599
-150206 (base 8) to base 12
-26a86
Convert -1001010001001110 (base 2) to base 7.
-215455
What is -165514 (base 7) in base 14?
-c144
What is -365662 (base 9) in base 14?
-5a604
Convert -8b739b (base 12) to base 3.
-11012100220102
11102122202 (base 3) to base 9
142582
212326 (base 7) to base 10
36868
What is -213240412 (base 5) in base 2?
-11011111011010100011
-8503b (base 13) to base 12
-b6743
What is -501253352 (base 6) in base 9?
-16835265
1034113 (base 8) to base 6
5532203
What is -11333321223 (base 4) in base 8?
-5777153
What is -61567 (base 14) in base 4?
-321031013
a0c3a8 (base 13) to base 5
1424134224
What is 3434343 (base 5) in base 8?
170630
-436204 (base 7) to base 14
-1dcab
302223203 (base 4) to base 13
73643
Convert 124320223 (base 7) to base 6.
442045101
What is 1011010001010011111101 (base 2) in base 15?
3d5613
What is 10240420 (base 5) in base 8?
251711
Convert 315a66 (base 11) to base 16.
7b783
-3642482 (base 9) to base 8
-7424615
Convert -185144 (base 9) to base 16.
-1c267
Convert -11200100100110 (base 3) to base 15.
-341cb9
-10110101211 (base 3) to base 2
-10000100111111001
Convert -111011110110000001101 (base 2) to base 9.
-3617848
What is 30100220332 (base 4) in base 15?
4373e1
Convert 183376 (base 9) to base 7.
653316
What is 2c5957 (base 15) in base 8?
10135720
2045355 (base 7) to base 9
415486
Convert -32014245 (base